y 20.
19
What is the remainder when 284 is divided by 41?
38
Calculate the remainder when 161 is divided by 41.
38
What is the remainder when 150 is divided by 19?
17
What is the remainder when 163 is divided by 31?
8
Calculate the remainder when 138 is divided by 37.
27
What is the remainder when 802 is divided by 76?
42
What is the remainder when 506 is divided by 73?
68
Calculate the remainder when 919 is divided by 99.
28
Calculate the remainder when 9138 is divided by 105.
3
Calculate the remainder when 509 is divided by 27.
23
What is the remainder when 481 is divided by 170?
141
What is the remainder when 2136 is divided by 3?
0
What is the remainder when 158 is divided by 54?
50
What is the remainder when 140 is divided by 24?
20
What is the remainder when 361 is divided by 52?
49
Calculate the remainder when 2084 is divided by 148.
12
Calculate the remainder when 197 is divided by 99.
98
What is the remainder when 160 is divided by 43?
31
Calculate the remainder when 1180 is divided by 53.
14
What is the remainder when 182 is divided by 50?
32
What is the remainder when 147 is divided by 50?
47
What is the remainder when 565 is divided by 7?
5
Calculate the remainder when 1956 is divided by 9.
3
What is the remainder when 208 is divided by 66?
10
What is the remainder when 96 is divided by 50?
46
Calculate the remainder when 193 is divided by 39.
37
What is the remainder when 250 is divided by 91?
68
Calculate the remainder when 4311 is divided by 13.
8
Calculate the remainder when 726 is divided by 81.
78
Calculate the remainder when 839 is divided by 20.
19
Calculate the remainder when 9391 is divided by 61.
58
Calculate the remainder when 198 is divided by 49.
2
Calculate the remainder when 7937 is divided by 20.
17
Calculate the remainder when 836 is divided by 16.
4
Calculate the remainder when 121 is divided by 33.
22
Calculate the remainder when 62 is divided by 26.
10
Calculate the remainder when 255 is divided by 51.
0
Calculate the remainder when 37 is divided by 13.
11
Calculate the remainder when 339 is divided by 8.
3
What is the remainder when 235 is divided by 94?
47
Calculate the remainder when 353 is divided by 40.
33
What is the remainder when 396 is divided by 40?
36
Calculate the remainder when 1749 is divided by 1709.
40
Calculate the remainder when 918 is divided by 306.
0
What is the remainder when 404 is divided by 11?
8
What is the remainder when 437 is divided by 55?
52
Calculate the remainder when 276 is divided by 58.
44
What is the remainder when 945 is divided by 101?
36
What is the remainder when 283 is divided by 26?
23
What is the remainder when 55 is divided by 12?
7
Calculate the remainder when 506 is divided by 131.
113
Calculate the remainder when 3509 is divided by 28.
9
What is the remainder when 52 is divided by 31?
21
Calculate the remainder when 327 is divided by 92.
51
Calculate the remainder when 3268 is divided by 14.
6
What is the remainder when 155 is divided by 27?
20
What is the remainder when 108 is divided by 16?
12
What is the remainder when 129 is divided by 6?
3
What is the remainder when 29 is divided by 10?
9
Calculate the remainder when 1031 is divided by 53.
24
What is the remainder when 215 is divided by 69?
8
Calculate the remainder when 44 is divided by 13.
5
What is the remainder when 558 is divided by 33?
30
Calculate the remainder when 8227 is divided by 34.
33
What is the remainder when 187 is divided by 64?
59
What is the remainder when 806 is divided by 118?
98
What is the remainder when 1550 is divided by 221?
3
Calculate the remainder when 61 is divided by 11.
6
What is the remainder when 67 is divided by 27?
13
What is the remainder when 752 is divided by 358?
36
Calculate the remainder when 1296 is divided by 22.
20
What is the remainder when 158 is divided by 20?
18
Calculate the remainder when 128 is divided by 33.
29
Calculate the remainder when 2944 is divided by 95.
94
What is the remainder when 374 is divided by 19?
13
What is the remainder when 520 is divided by 39?
13
What is the remainder when 245 is divided by 9?
2
What is the remainder when 5314 is divided by 4?
2
Calculate the remainder when 89 is divided by 18.
17
Calculate the remainder when 4826 is divided by 167.
150
What is the remainder when 13507 is divided by 14?
11
Calculate the remainder when 449 is divided by 297.
152
What is the remainder when 69 is divided by 41?
28
What is the remainder when 934 is divided by 42?
10
Calculate the remainder when 89 is divided by 29.
2
What is the remainder when 98 is divided by 29?
11
Calculate the remainder when 2562 is divided by 167.
57
What is the remainder when 1012 is divided by 260?
232
Calculate the remainder when 1172 is divided by 305.
257
Calculate the remainder when 193 is divided by 36.
13
What is the remainder when 183 is divided by 59?
6
What is the remainder when 277 is divided by 75?
52
Calculate the remainder when 766 is divided by 22.
18
What is the remainder when 5357 is divided by 19?
18
What is the remainder when 849 is divided by 144?
129
Calculate the remainder when 126 is divided by 13.
9
What is the remainder when 429 is divided by 16?
13
What is the remainder when 127 is divided by 14?
1
Calculate the remainder when 442 is divided by 189.
64
What is the remainder when 1609 is divided by 13?
10
Calculate the remainder when 494 is divided by 20.
14
What is the remainder when 222 is divided by 7?
5
Calculate the remainder when 3239 is divided by 1577.
85
What is the remainder when 164 is divided by 62?
40
Calculate the remainder when 792 is divided by 513.
279
What is the remainder when 72 is divided by 39?
33
What is the remainder when 10384 is divided by 17?
14
What is the remainder when 216 is divided by 75?
66
Calculate the remainder when 239 is divided by 48.
47
Calculate the remainder when 172 is divided by 58.
56
Calculate the remainder when 157 is divided by 41.
34
What is the remainder when 635 is divided by 169?
128
What is the remainder when 469 is divided by 47?
46
What is the remainder when 205 is divided by 178?
27
What is the remainder when 712 is divided by 51?
49
What is the remainder when 1089 is divided by 18?
9
Calculate the remainder when 13 is divided by 11.
2
Calculate the remainder when 1041 is divided by 36.
33
What is the remainder when 190 is divided by 61?
7
What is the remainder when 121 is divided by 23?
6
Calculate the remainder when 65 is divided by 33.
32
Calculate the remainder when 1161 is divided by 131.
113
What is the remainder when 1215 is divided by 21?
18
What is the remainder when 278 is divided by 36?
26
What is the remainder when 8420 is divided by 39?
35
Calculate the remainder when 57 is divided by 34.
23
What is the remainder when 2600 is divided by 161?
24
What is the remainder when 33 is divided by 6?
3
What is the remainder when 150 is divided by 14?
10
What is the remainder when 924 is divided by 21?
0
What is the remainder when 4897 is divided by 19?
14
Calculate the remainder when 3769 is divided by 23.
20
What is the remainder when 1307 is divided by 132?
119
What is the remainder when 228 is divided by 21?
18
What is the remainder when 44 is divided by 19?
6
What is the remainder when 18763 is divided by 16?
11
What is the remainder when 31 is divided by 20?
11
What is the remainder when 1126 is divided by 186?
10
What is the remainder when 170 is divided by 6?
2
What is the remainder when 51 is divided by 15?
6
Calculate the remainder when 134 is divided by 74.
60
Calculate the remainder when 401 is divided by 169.
63
Calculate the remainder when 158 is divided by 18.
14
What is the remainder when 834 is divided by 84?
78
What is the remainder when 1326 is divided by 74?
68
What is the remainder when 101 is divided by 84?
17
Calculate the remainder when 1183 is divided by 234.
13
What is the remainder when 21 is divided by 16?
5
Calculate the remainder when 345 is divided by 206.
139
What is the remainder when 1147 is divided by 141?
19
What is the remainder when 422 is divided by 8?
6
Calculate the remainder when 62 is divided by 35.
27
Calculate the remainder when 463 is divided by 8.
7
What is the remainder when 221 is divided by 57?
50
What is the remainder when 217 is 